{"id":94,"date":"2011-05-03T20:59:17","date_gmt":"2011-05-03T20:59:17","guid":{"rendered":"http:\/\/mariawells.se\/wpmwse\/?page_id=94"},"modified":"2023-02-27T11:21:11","modified_gmt":"2023-02-27T11:21:11","slug":"vocalettes","status":"publish","type":"page","link":"https:\/\/mariawells.se\/?page_id=94","title":{"rendered":"VOCALETTES"},"content":{"rendered":"<table class=\"tabbgvocalettes\" border=\"0\" width=\"878\" cellspacing=\"0\" cellpadding=\"0\">\n<tbody>\n<tr>\n<td>\n<table border=\"0\" width=\"592\" cellspacing=\"0\" cellpadding=\"0\" align=\"left\">\n<tbody>\n<tr>\n<td class=\"tbtext\" style=\"text-align: center;\" height=\"720\">Maria var med och startade s\u00e5ng &amp; showgruppen Vocalettes, som f\u00f6rutom att vara en sj\u00e4lvskriven del av Rhapsody In Rock, skr\u00e4ddarsyr underh\u00e5llning till olika event. 2009 kom Vocalettes f\u00f6rsta CD &#8221;In the Spirit Of Andrew Sisters&#8221;<\/p>\n<p><a href=\"http:\/\/media.mariawells.se\/2011\/05\/vocalettes_live.jpg\"><img loading=\"lazy\" decoding=\"async\" class=\"alignnone size-medium wp-image-98\" title=\"vocalettes_live\" src=\"http:\/\/media.mariawells.se\/2011\/05\/vocalettes_live-263x300.jpg\" alt=\"foto: Thorleif Robertsson\" width=\"263\" height=\"300\" srcset=\"https:\/\/mariawells.se\/wp-content\/uploads\/2011\/05\/vocalettes_live-263x300.jpg 263w, https:\/\/mariawells.se\/wp-content\/uploads\/2011\/05\/vocalettes_live.jpg 789w\" sizes=\"(max-width: 263px) 100vw, 263px\" \/><\/a><\/p>\n<p>Vocalettes ger ocks\u00e5 f\u00f6rel\u00e4sningen \u201d3 v\u00e4gar mot samma m\u00e5l\u201d<\/p>\n<p><a href=\"http:\/\/media.mariawells.se\/2011\/05\/vocalettes_foredrag1.jpg\"><img loading=\"lazy\" decoding=\"async\" class=\"alignnone size-medium wp-image-103\" title=\"vocalettes_foredrag\" src=\"http:\/\/media.mariawells.se\/2011\/05\/vocalettes_foredrag1-225x300.jpg\" alt=\"foto: Marie-Therese Carlberg Styling: Maria Lindvall\" width=\"225\" height=\"300\" srcset=\"https:\/\/mariawells.se\/wp-content\/uploads\/2011\/05\/vocalettes_foredrag1-225x300.jpg 225w, https:\/\/mariawells.se\/wp-content\/uploads\/2011\/05\/vocalettes_foredrag1.jpg 365w\" sizes=\"(max-width: 225px) 100vw, 225px\" \/><\/a><\/p>\n<p>L\u00e4s mer p\u00e5 <a href=\"http:\/\/www.vocalettes.se\" target=\"_blank\" rel=\"noopener\">vocalettes.se<\/a><\/p>\n<hr \/>\n<\/td>\n<\/tr>\n<\/tbody>\n<\/table>\n<\/td>\n<\/tr>\n<\/tbody>\n<\/table>\n","protected":false},"excerpt":{"rendered":"<p>Maria var med och startade s\u00e5ng &amp; showgruppen Vocalettes, som f\u00f6rutom att vara en sj\u00e4lvskriven del av Rhapsody In Rock, skr\u00e4ddarsyr underh\u00e5llning till olika event. 2009 kom Vocalettes f\u00f6rsta CD &#8221;In the Spirit Of Andrew Sisters&#8221; Vocalettes ger ocks\u00e5 f\u00f6rel\u00e4sningen \u201d3 v\u00e4gar mot samma m\u00e5l\u201d L\u00e4s mer p\u00e5 vocalettes.se<\/p>\n","protected":false},"author":1,"featured_media":0,"parent":0,"menu_order":4,"comment_status":"closed","ping_status":"open","template":"","meta":{"site-sidebar-layout":"default","site-content-layout":"","ast-site-content-layout":"","site-content-style":"default","site-sidebar-style":"default","ast-global-header-display":"","ast-banner-title-visibility":"","ast-main-header-display":"","ast-hfb-above-header-display":"","ast-hfb-below-header-display":"","ast-hfb-mobile-header-display":"","site-post-title":"","ast-breadcrumbs-content":"","ast-featured-img":"","footer-sml-layout":"","theme-transparent-header-meta":"","adv-header-id-meta":"","stick-header-meta":"","header-above-stick-meta":"","header-main-stick-meta":"","header-below-stick-meta":"","astra-migrate-meta-layouts":"","ast-page-background-enabled":"default","ast-page-background-meta":{"desktop":{"background-color":"var(--ast-global-color-4)","background-image":"","background-repeat":"repeat","background-position":"center center","background-size":"auto","background-attachment":"scroll","background-type":"","background-media":"","overlay-type":"","overlay-color":"","overlay-gradient":""},"tablet":{"background-color":"","background-image":"","background-repeat":"repeat","background-position":"center center","background-size":"auto","background-attachment":"scroll","background-type":"","background-media":"","overlay-type":"","overlay-color":"","overlay-gradient":""},"mobile":{"background-color":"","background-image":"","background-repeat":"repeat","background-position":"center center","background-size":"auto","background-attachment":"scroll","background-type":"","background-media":"","overlay-type":"","overlay-color":"","overlay-gradient":""}},"ast-content-background-meta":{"desktop":{"background-color":"var(--ast-global-color-5)","background-image":"","background-repeat":"repeat","background-position":"center center","background-size":"auto","background-attachment":"scroll","background-type":"","background-media":"","overlay-type":"","overlay-color":"","overlay-gradient":""},"tablet":{"background-color":"var(--ast-global-color-5)","background-image":"","background-repeat":"repeat","background-position":"center center","background-size":"auto","background-attachment":"scroll","background-type":"","background-media":"","overlay-type":"","overlay-color":"","overlay-gradient":""},"mobile":{"background-color":"var(--ast-global-color-5)","background-image":"","background-repeat":"repeat","background-position":"center center","background-size":"auto","background-attachment":"scroll","background-type":"","background-media":"","overlay-type":"","overlay-color":"","overlay-gradient":""}},"footnotes":""},"_links":{"self":[{"href":"https:\/\/mariawells.se\/index.php?rest_route=\/wp\/v2\/pages\/94"}],"collection":[{"href":"https:\/\/mariawells.se\/index.php?rest_route=\/wp\/v2\/pages"}],"about":[{"href":"https:\/\/mariawells.se\/index.php?rest_route=\/wp\/v2\/types\/page"}],"author":[{"embeddable":true,"href":"https:\/\/mariawells.se\/index.php?rest_route=\/wp\/v2\/users\/1"}],"replies":[{"embeddable":true,"href":"https:\/\/mariawells.se\/index.php?rest_route=%2Fwp%2Fv2%2Fcomments&post=94"}],"version-history":[{"count":16,"href":"https:\/\/mariawells.se\/index.php?rest_route=\/wp\/v2\/pages\/94\/revisions"}],"predecessor-version":[{"id":334,"href":"https:\/\/mariawells.se\/index.php?rest_route=\/wp\/v2\/pages\/94\/revisions\/334"}],"wp:attachment":[{"href":"https:\/\/mariawells.se\/index.php?rest_route=%2Fwp%2Fv2%2Fmedia&parent=94"}],"curies":[{"name":"wp","href":"https:\/\/api.w.org\/{rel}","templated":true}]}}