{"id":11,"date":"2011-05-01T20:59:42","date_gmt":"2011-05-01T20:59:42","guid":{"rendered":"http:\/\/mariawells.se\/wpmwse\/?page_id=11"},"modified":"2023-02-28T21:46:16","modified_gmt":"2023-02-28T21:46:16","slug":"start2","status":"publish","type":"page","link":"https:\/\/mariawells.se\/","title":{"rendered":"START"},"content":{"rendered":"\n<div class=\"wp-block-cover alignfull\" style=\"min-height:100vh\"><span aria-hidden=\"true\" class=\"wp-block-cover__background has-background-dim-0 has-background-dim\"><\/span><img loading=\"lazy\" decoding=\"async\" width=\"1413\" height=\"1413\" class=\"wp-block-cover__image-background wp-image-350\" alt=\"\" src=\"https:\/\/mariawells.se\/wp-content\/uploads\/2023\/02\/maria-w-s.jpg\" style=\"object-position:50% 0%\" data-object-fit=\"cover\" data-object-position=\"50% 0%\" srcset=\"https:\/\/mariawells.se\/wp-content\/uploads\/2023\/02\/maria-w-s.jpg 1413w, https:\/\/mariawells.se\/wp-content\/uploads\/2023\/02\/maria-w-s-300x300.jpg 300w, https:\/\/mariawells.se\/wp-content\/uploads\/2023\/02\/maria-w-s-1024x1024.jpg 1024w, https:\/\/mariawells.se\/wp-content\/uploads\/2023\/02\/maria-w-s-150x150.jpg 150w\" sizes=\"(max-width: 1413px) 100vw, 1413px\" \/><div class=\"wp-block-cover__inner-container is-layout-flow wp-block-cover-is-layout-flow\">\n<p class=\"has-text-align-center has-large-font-size\"><\/p>\n\n\n\n<p><\/p>\n<\/div><\/div>\n\n\n\n<div class=\"wp-block-columns is-layout-flex wp-container-core-columns-layout-4 wp-block-columns-is-layout-flex\">\n<div class=\"wp-block-column is-layout-flow wp-block-column-is-layout-flow\" style=\"flex-basis:100%\">\n<div class=\"wp-block-columns is-layout-flex wp-container-core-columns-layout-3 wp-block-columns-is-layout-flex\">\n<div class=\"wp-block-column is-layout-flow wp-block-column-is-layout-flow\" style=\"flex-basis:100%\">\n<div class=\"wp-block-columns is-layout-flex wp-container-core-columns-layout-2 wp-block-columns-is-layout-flex\">\n<div class=\"wp-block-column is-layout-flow wp-block-column-is-layout-flow\" style=\"flex-basis:100%\">\n<div class=\"wp-block-columns is-layout-flex wp-container-core-columns-layout-1 wp-block-columns-is-layout-flex\">\n<div class=\"wp-block-column is-layout-flow wp-block-column-is-layout-flow\" style=\"flex-basis:100%\">\n<h1 class=\"has-text-align-center wp-block-heading\">Aktuellt<\/h1>\n\n\n\n<figure class=\"wp-block-image aligncenter size-full is-resized\"><img loading=\"lazy\" decoding=\"async\" src=\"https:\/\/mariawells.se\/wp-content\/uploads\/2023\/02\/the-full-monty-m-text.jpg\" alt=\"\" class=\"wp-image-370\" width=\"400\" height=\"321\" srcset=\"https:\/\/mariawells.se\/wp-content\/uploads\/2023\/02\/the-full-monty-m-text.jpg 800w, https:\/\/mariawells.se\/wp-content\/uploads\/2023\/02\/the-full-monty-m-text-300x240.jpg 300w\" sizes=\"(max-width: 400px) 100vw, 400px\" \/><\/figure>\n\n\n\n<h4 class=\"has-text-align-center wp-block-heading\">Se Maria Wells i rollen som Georgie Bukatinsky<\/h4>\n\n\n\n<h5 class=\"has-text-align-center wp-block-heading\">Premi\u00e4r 9\/3 &#8211; spelas till den 28\/4<\/h5>\n\n\n\n<div class=\"wp-block-buttons is-layout-flex wp-block-buttons-is-layout-flex\">\n<div class=\"wp-block-button aligncenter\"><a class=\"wp-block-button__link wp-element-button\" href=\"https:\/\/www.intiman.se\/events\/the-full-monty\/biljetter\/\" target=\"_blank\" rel=\"noreferrer noopener\">K\u00f6p biljetter &gt;&gt;<\/a><\/div>\n<\/div>\n\n\n\n<p>Musikalkomedin The Full Monty-Allt eller inget, \u00e4r baserad p\u00e5 filmen The Full Monty som blev en stor succ\u00e9 n\u00e4r den sl\u00e4pptes 1997. Handlingen utspelar sig i Sheffield under 1990-talet och ber\u00e4ttar historien om sex arbetsl\u00f6sa m\u00e4n, fyra av dem f\u00f6re detta st\u00e5larbetare, som best\u00e4mmer sig f\u00f6r att bilda en manlig striptease (\u00e0 la Chippendale-dansarna) f\u00f6r att tj\u00e4na lite pengar och f\u00f6r att huvudpersonen Jerry (Gaz i filmen) ska kunna f\u00e5 tr\u00e4ffa sin son. Jerry f\u00f6rklarar att deras show kommer att bli mycket b\u00e4ttre \u00e4n de v\u00e4lk\u00e4nda Chippendales-dansarna eftersom de kommer att g\u00e5 \u201dthe full monty\u201d \u2013 strippa hela v\u00e4gen \u2013 d\u00e4rav titeln.<\/p>\n\n\n\n<p><strong><em>Trots att ber\u00e4ttelsen \u00e4r en komedi ber\u00f6r den \u00e4ven allvarliga \u00e4mnen som arbetsl\u00f6shet, f\u00e4ders r\u00e4ttigheter, depression, impotens, homosexualitet, kroppsuppfattning, arbetarklasskultur och sj\u00e4lvmord.<\/em><\/strong><\/p>\n\n\n\n<p>The Full Monty vann BAFTA Award och European Film Award f\u00f6r b\u00e4sta film och var nominerad i Acadamy Awards f\u00f6r b\u00e4sta bild, b\u00e4sta regi och b\u00e4sta originalmanus. British Film Institute rankade The Full Monty som den 25:e b\u00e4sta brittiska filmen under 2000-talet. Filmen anpassades till musikal 2000 och till teater 2013. The Full Monty var en stor kritikersucc\u00e9 vid filmsl\u00e4ppet och r\u00f6nte en stor internationell kommersiell framg\u00e5ng.<\/p>\n\n\n\n<hr class=\"wp-block-separator has-text-color has-ast-global-color-6-color has-alpha-channel-opacity has-ast-global-color-6-background-color has-background is-style-wide\"\/>\n\n\n\n<figure class=\"wp-block-table\"><table><tbody><tr><td class=\"has-text-align-center\" data-align=\"center\"> <\/td><\/tr><tr><td class=\"has-text-align-center\" data-align=\"center\"><br><strong><img loading=\"lazy\" decoding=\"async\" width=\"300\" height=\"285\" class=\"aligncenter size-medium wp-image-322\" src=\"https:\/\/mariawells.se\/wp-content\/uploads\/2011\/05\/merryxmasbaby-300x285.jpg\" alt=\"merryxmasbaby\" srcset=\"https:\/\/mariawells.se\/wp-content\/uploads\/2011\/05\/merryxmasbaby-300x285.jpg 300w, https:\/\/mariawells.se\/wp-content\/uploads\/2011\/05\/merryxmasbaby.jpg 1000w\" sizes=\"(max-width: 300px) 100vw, 300px\" \/><br><\/strong><br><strong>\u00c5rets julsingel!<br><\/strong>L\u00e5ten &#8221;Merry Christmas baby&#8221; \u00e4r inspelad i november p\u00e5 Gig Studio i Stockholm med Robert Wells Trio samt bl\u00e5sarna Pelle Grebacken Sax, Karl Olandersson Trumpet, Magnus Wiklund Trombone, Tekniker Conny Wall, Mix och Master av David Sales, Producerad av Robert Wells, Wells Music Studio.<strong><br><a rel=\"noopener\" href=\"https:\/\/open.spotify.com\/album\/5eLZc8yJ8W2l1gq8M18nHl\" target=\"_blank\">Lyssna p\u00e5 Spotify<\/a><\/strong> <p>\u00a0<\/p> <h2><strong>Amerikanska countryartisten Billy Dean och Maria Wells samlar v\u00e4rldsmusiker<br>med countryklassikern \u201dCrazy\u201d!<\/strong><\/h2> <figure><a rel=\"attachment wp-att-287\" href=\"http:\/\/media.mariawells.se\/2011\/05\/MoD_Crazy.jpg\"><img loading=\"lazy\" decoding=\"async\" width=\"300\" height=\"300\" class=\"aligncenter wp-image-287 size-medium\" src=\"https:\/\/mariawells.se\/wp-content\/uploads\/2011\/05\/MoD_Crazy-300x300.jpg\" alt=\"MoD_Crazy\" srcset=\"https:\/\/mariawells.se\/wp-content\/uploads\/2011\/05\/MoD_Crazy-300x300.jpg 300w, https:\/\/mariawells.se\/wp-content\/uploads\/2011\/05\/MoD_Crazy-150x150.jpg 150w, https:\/\/mariawells.se\/wp-content\/uploads\/2011\/05\/MoD_Crazy.jpg 335w\" sizes=\"(max-width: 300px) 100vw, 300px\" \/><\/a><\/figure> <p><strong>\u201dCrazy\u201d<\/strong>, Patsy Klines stora v\u00e4rldshit, skriven av Willie Nelson spelades in i USA, i Castle Rock Studio Franklin, TN. Detta strax f\u00f6re coronapandemin och lockdowns, men som kunde f\u00e4rdigst\u00e4llas i Sverige h\u00f6sten 2020 med p\u00e5l\u00e4gg av str\u00e5kar.<br>De arrangerades av Johan Landqvist och spelades in p\u00e5<br>Rixmixningsverket, RMV studio i Stockholm.<br><strong>Piano och Produktion: Robert Wells<br><\/strong><br>2021 planerar duon att genomf\u00f6ra flertalet konserter i b\u00e5de Sverige och i USA. Singeln \u201dCrazy\u201d sl\u00e4pps m\u00e5ndag den 12 oktober 2020!<\/p> <p><strong><a rel=\"noopener\" href=\"https:\/\/open.spotify.com\/track\/6lZCUyEmeHlsUowfQRxN27?si=a75vj0DAS9K4_5jhpdixRQ\" target=\"_blank\">Lyssna p\u00e5 Crazy p\u00e5 Spotify<\/a><br><a rel=\"noopener\" href=\"https:\/\/www.mynewsdesk.com\/se\/wereckipromotion\/pressreleases\/amerikanska-countryartisten-billy-dean-och-svenska-maria-wells-samlar-vaerldsmusiker-med-countryklassikern-crazy-3041915\" target=\"_blank\">L\u00e4s hela Pressreleasen<br><\/a><\/strong><\/p>  <h2><strong>Bokrelease september 2020:<br>L\u00e4ppstiftet<\/strong><\/h2> <figure><img loading=\"lazy\" decoding=\"async\" width=\"196\" height=\"300\" class=\"cover aligncenter wp-image-294 size-medium\" src=\"https:\/\/mariawells.se\/wp-content\/uploads\/2011\/05\/lappstiftet-s-196x300.jpg\" alt=\"lappstiftet-s\" srcset=\"https:\/\/mariawells.se\/wp-content\/uploads\/2011\/05\/lappstiftet-s-196x300.jpg 196w, https:\/\/mariawells.se\/wp-content\/uploads\/2011\/05\/lappstiftet-s-669x1024.jpg 669w, https:\/\/mariawells.se\/wp-content\/uploads\/2011\/05\/lappstiftet-s.jpg 800w\" sizes=\"(max-width: 196px) 100vw, 196px\" \/><\/figure><p><br><a rel=\"noopener\" href=\"http:\/\/ordberoende.com\/bocker\/lappstiftet\/\" target=\"_blank\">L\u00e4s mer hos Ordberoende f\u00f6rlag<\/a><\/p> <p>\u00a0<\/p>   <h2><strong>Maria Wells soloskiva<br>med texter av Camilla L\u00e4ckberg<br>och musik av Robert Wells!<\/strong><\/h2> <figure><img loading=\"lazy\" decoding=\"async\" width=\"300\" height=\"300\" class=\"aligncenter size-medium wp-image-306\" src=\"https:\/\/mariawells.se\/wp-content\/uploads\/2011\/05\/forthelove-1-300x300.jpg\" alt=\"For the love Maria Wells\" srcset=\"https:\/\/mariawells.se\/wp-content\/uploads\/2011\/05\/forthelove-1-300x300.jpg 300w, https:\/\/mariawells.se\/wp-content\/uploads\/2011\/05\/forthelove-1-150x150.jpg 150w, https:\/\/mariawells.se\/wp-content\/uploads\/2011\/05\/forthelove-1.jpg 800w\" sizes=\"(max-width: 300px) 100vw, 300px\" \/><\/figure> <p><strong>\u201dFor The Love\u201d<\/strong><br>I ett unikt samarbete tillsammans med Marias livskamrat <strong>Robert Wells<\/strong> och texter skrivna av <strong>Camilla L\u00e4ckberg<br><\/strong>Finns att k\u00f6pa <a href=\"http:\/\/rhapsodyinrock.se\/shop\/\">h\u00e4r<\/a><\/p> <p><a href=\"https:\/\/open.spotify.com\/album\/18Iiw0y6BcmrsudAMPfkJK?si=9R4au6csTremAsAYQd8ozg\"><strong>Lyssna p\u00e5 Spotify<\/strong><\/a><\/p> <p><a href=\"http:\/\/www.ticnet.se\/search\/?keyword=Maria+Wells\">\u00a0<\/a><\/p>  <p><strong>Maria Wells har en gedigen karri\u00e4r i bagaget som s\u00e5ngerska, sk\u00e5despelerska och f\u00f6rfattare. Maria har flitigt turnerat runt om i landet med b.la. showgruppen &#8221;Vocalettes&#8221; och under tio s\u00e4songer g\u00e4stat Robert Wells &#8221;Rhapsody In Rock&#8221; samt medverkat i flertalet TV program!<\/strong><\/p> <p>\u00a0<\/p> <figure><a href=\"http:\/\/media.mariawells.se\/2011\/05\/maria15.png\"><img loading=\"lazy\" decoding=\"async\" title=\"maria15\" width=\"200\" height=\"300\" class=\"size-medium wp-image-160 alignleft\" src=\"http:\/\/media.mariawells.se\/2011\/05\/maria15-200x300.png\" alt=\"Maria Wells\" srcset=\"https:\/\/mariawells.se\/wp-content\/uploads\/2011\/05\/maria15-200x300.png 200w, https:\/\/mariawells.se\/wp-content\/uploads\/2011\/05\/maria15.png 427w\" sizes=\"(max-width: 200px) 100vw, 200px\" \/><\/a><\/figure> <p>Pressbilder och downloads se: <a href=\"http:\/\/www.werecki.com\">www.werecki.com<\/a><\/p> <p>\u00a0<\/p> <p><strong>Presskontakt: <\/strong>Rickard Werecki Lycknert tfn:0707-178008 <a href=\"mailto:pr@werecki.com\"><br>pr@werecki.com<\/a> werecki promotion company \u2013 <a href=\"http:\/\/www.werecki.com\">www.werecki.com<\/a><\/p> <p>\u00a0<\/p> <p>\u00a0<\/p> <\/td><\/tr><\/tbody><\/table><\/figure>\n<\/div>\n<\/div>\n<\/div>\n<\/div>\n<\/div>\n<\/div>\n<\/div>\n<\/div>\n\n\n\n<p><\/p>\n","protected":false},"excerpt":{"rendered":"<p>Aktuellt Se Maria Wells i rollen som Georgie Bukatinsky Premi\u00e4r 9\/3 &#8211; spelas till den 28\/4 Musikalkomedin The Full Monty-Allt eller inget, \u00e4r baserad p\u00e5 filmen The Full Monty som blev en stor succ\u00e9 n\u00e4r den sl\u00e4pptes 1997. Handlingen utspelar sig i Sheffield under 1990-talet och ber\u00e4ttar historien om sex arbetsl\u00f6sa m\u00e4n, fyra av dem &hellip;<\/p>\n<p class=\"read-more\"> <a class=\"\" href=\"https:\/\/mariawells.se\/\"> <span class=\"screen-reader-text\">START<\/span> L\u00e4s mer &raquo;<\/a><\/p>\n","protected":false},"author":1,"featured_media":0,"parent":0,"menu_order":0,"comment_status":"closed","ping_status":"open","template":"","meta":{"site-sidebar-layout":"default","site-content-layout":"","ast-site-content-layout":"","site-content-style":"default","site-sidebar-style":"default","ast-global-header-display":"","ast-banner-title-visibility":"","ast-main-header-display":"","ast-hfb-above-header-display":"","ast-hfb-below-header-display":"","ast-hfb-mobile-header-display":"","site-post-title":"","ast-breadcrumbs-content":"","ast-featured-img":"","footer-sml-layout":"","theme-transparent-header-meta":"enabled","adv-header-id-meta":"","stick-header-meta":"","header-above-stick-meta":"","header-main-stick-meta":"","header-below-stick-meta":"","astra-migrate-meta-layouts":"","ast-page-background-enabled":"default","ast-page-background-meta":{"desktop":{"background-color":"var(--ast-global-color-4)","background-image":"","background-repeat":"repeat","background-position":"center center","background-size":"auto","background-attachment":"scroll","background-type":"","background-media":"","overlay-type":"","overlay-color":"","overlay-gradient":""},"tablet":{"background-color":"","background-image":"","background-repeat":"repeat","background-position":"center center","background-size":"auto","background-attachment":"scroll","background-type":"","background-media":"","overlay-type":"","overlay-color":"","overlay-gradient":""},"mobile":{"background-color":"","background-image":"","background-repeat":"repeat","background-position":"center center","background-size":"auto","background-attachment":"scroll","background-type":"","background-media":"","overlay-type":"","overlay-color":"","overlay-gradient":""}},"ast-content-background-meta":{"desktop":{"background-color":"var(--ast-global-color-5)","background-image":"","background-repeat":"repeat","background-position":"center center","background-size":"auto","background-attachment":"scroll","background-type":"","background-media":"","overlay-type":"","overlay-color":"","overlay-gradient":""},"tablet":{"background-color":"var(--ast-global-color-5)","background-image":"","background-repeat":"repeat","background-position":"center center","background-size":"auto","background-attachment":"scroll","background-type":"","background-media":"","overlay-type":"","overlay-color":"","overlay-gradient":""},"mobile":{"background-color":"var(--ast-global-color-5)","background-image":"","background-repeat":"repeat","background-position":"center center","background-size":"auto","background-attachment":"scroll","background-type":"","background-media":"","overlay-type":"","overlay-color":"","overlay-gradient":""}},"footnotes":""},"_links":{"self":[{"href":"https:\/\/mariawells.se\/index.php?rest_route=\/wp\/v2\/pages\/11"}],"collection":[{"href":"https:\/\/mariawells.se\/index.php?rest_route=\/wp\/v2\/pages"}],"about":[{"href":"https:\/\/mariawells.se\/index.php?rest_route=\/wp\/v2\/types\/page"}],"author":[{"embeddable":true,"href":"https:\/\/mariawells.se\/index.php?rest_route=\/wp\/v2\/users\/1"}],"replies":[{"embeddable":true,"href":"https:\/\/mariawells.se\/index.php?rest_route=%2Fwp%2Fv2%2Fcomments&post=11"}],"version-history":[{"count":77,"href":"https:\/\/mariawells.se\/index.php?rest_route=\/wp\/v2\/pages\/11\/revisions"}],"predecessor-version":[{"id":388,"href":"https:\/\/mariawells.se\/index.php?rest_route=\/wp\/v2\/pages\/11\/revisions\/388"}],"wp:attachment":[{"href":"https:\/\/mariawells.se\/index.php?rest_route=%2Fwp%2Fv2%2Fmedia&parent=11"}],"curies":[{"name":"wp","href":"https:\/\/api.w.org\/{rel}","templated":true}]}}